uppose 1 + 4 = g + s, -3*g = 5*s - 9. Calculate the highest common factor of 32 and g.
8
Let m = 19 + 45. What is the greatest common factor of m and 8?
8
Suppose 10 = 5*a - g, -a + 8 = 3*a + 5*g. Let d = -139 + 307. Suppose a*j = -48 + d. What is the greatest common factor of j and 15?
15
Suppose -n - 20 = -5*n. Suppose 5*a + 3*f - 10 = 0, 2*a + 2*f = -0*f. What is the highest common divisor of a and n?
5
Let m be (-85)/(-3) + 2/3. Suppose -198 = -3*k - 60. Let g = k - m. What is the greatest common factor of g and 153?
17
Suppose 0*g + 142 = 4*f + 5*g, -f + 39 = 3*g. What is the highest common factor of 11 and f?
11
Suppose m = 3*m - 14. Suppose 3*g + 7 = 4*g. Calculate the highest common factor of m and g.
7
Let z = 99 + -86. What is the highest common factor of z and 104?
13
Let f = 6 + 7. Let l = f + 1. Calculate the greatest common divisor of l and 7.
7
Let k be (-120)/(-32)*(-2 + 2 + 4). Calculate the greatest common divisor of 10 and k.
5
Suppose -58*r + 70 = -53*r. Calculate the highest common divisor of r and 14.
14
Suppose -2*z + 360 = 3*z. Let w = z + -32. Let i be ((-12)/10)/((-12)/w). What is the highest common factor of 36 and i?
4
Suppose 3*q + 2*b - 23 = 0, q - 2*b - 36 = 3*b. Let r = -2 + q. Calculate the highest common factor of 45 and r.
9
Let f(h) = 19*h - 13. Let t be f(7). Let k = -1 + 15. Suppose -k = -a + 1. Calculate the highest common factor of t and a.
15
Suppose 0*l - 4*l = 3*i - 74, 4*i - 2*l = 106. Calculate the greatest common factor of 13 and i.
13
Let r(a) = 7*a - 8. Let z be r(3). Calculate the highest common divisor of 143 and z.
13
Let m be -22*(-2)/(-2)*-1. Let c be (1/1)/((-1)/(-22)). What is the highest common divisor of m and c?
22
Suppose 0 = 4*u - 3*u - 8. Let i(q) = 2*q + 0 - q + 4. Let z be i(u). Calculate the greatest common divisor of z and 6.
6
Let m(n) = n**3 - 6*n**2 + 13*n - 5. Let t be m(2). Suppose 4*z - 200 = -40. What is the highest common factor of z and t?
5
Let u(a) = 7*a**2 - 2*a + 1. Let z be u(1). Suppose 2*n + z - 17 = -3*d, -3*d = -3*n + 24. Calculate the highest common divisor of 63 and n.
7
Let x(c) = 5*c**2 - 9*c + 5. Let i(f) = 4*f**2 - 9*f + 6. Let z(b) = -4*i(b) + 3*x(b). Let l be z(6). Calculate the highest common divisor of 81 and l.
9
Let h(n) be the first derivative of 2 + n + 0*n + 11*n**2 - 2*n**2. Let o be h(3). Calculate the highest common divisor of 22 and o.
11
Let h be 0 + 0/(-3) + 1. Suppose 33 - h = 4*w. What is the highest common factor of w and 20?
4
Suppose 2*u + 3*u - 5 = -5*q, 0 = 4*u + 3*q - 7. Suppose -105 = -5*i + w - 5*w, -u*i + 84 = 2*w. What is the highest common divisor of 42 and i?
21
Let g(j) = 4*j**3 - j**2 + 2*j + 6. Let r be g(-4). Let n = -179 - r. Calculate the greatest common divisor of 38 and n.
19
Let w(x) = x**3 + 5*x**2 - 2*x. Let l be w(-5). Let i be (90/(-25))/((-2)/l). Let n = 24 - 6. What is the greatest common divisor of n and i?
18
Suppose 5*a + 5*k + 0*k - 20 = 0, -5*a + 12 = -3*k. Calculate the greatest common divisor of 1 and a.
1
Let g = -1 - -3. Suppose -g*w - 2 - 2 = 0. Let t be (3 - w) + -3 + 5. Calculate the greatest common divisor of 63 and t.
7
Suppose 1 = 4*b - 3. Let p(h) = -h**2 + 6. Let d be p(0). Let n = 3 + d. Calculate the greatest common factor of b and n.
1
Let q = 236 + -116. What is the greatest common divisor of 15 and q?
15
Let z(q) = 2*q**3 - 2*q**2 - q - 1. Let l be z(2). Let f = 14 - l. What is the highest common divisor of 63 and f?
9
Suppose -2*j - 11 = -f - 0*f, 2*f = -4*j + 6. What is the highest common divisor of 63 and f?
7
Let r(g) = -g**3 - 3*g**2 + 2*g - 2. Let x(a) = a**3 - 9*a**2 - 9*a - 14. Let c be x(10). Let v be r(c). Calculate the greatest common factor of v and 24.
6
Let s be (-90)/(-15) - (0 - -1). Let g be 2 - (1 + -1 + 0). Let l be g - 2 - 1*-2. What is the greatest common divisor of l and s?
1
Let c(k) = 2*k**2 - k - 1. Let v be c(-1). Suppose -s + 2 = -3. Let m = -3 + s. Calculate the greatest common factor of v and m.
2
Let g(i) = -i**2 + 2*i + 6. Let r be g(3). What is the greatest common factor of r and 6?
3
Let x = -2 + -2. Let s be 12*(0 - x/3). Calculate the greatest common factor of s and 48.
16
Let v(y) = -2*y**3 - 3*y**2 + 2*y - 3. Let a be v(-3). What is the highest common factor of 126 and a?
18
Suppose 5*n - 37 = -2*c + 10, 0 = 5*c - n - 77. What is the highest common divisor of 16 and c?
16
Suppose -3*n - 2*u + 56 = 0, -2*u = -4*u - 10. Calculate the highest common factor of n and 22.
22
Let p = -2 - -7. Suppose -p*x + 5*h = -35, x = 5*x + 3*h. Suppose -104 = -x*w + 4. Calculate the greatest common divisor of w and 18.
18
Let s(l) = -6*l + 6. Let c be (-3)/9 - 69/9. Let p be s(c). Let j = p + -37. Calculate the greatest common divisor of j and 136.
17
Suppose n = -2*n + 210. Calculate the highest common factor of n and 10.
10
Suppose 3 + 2 = j. Let i be ((-4)/(-10))/(2/490). Suppose 2*z + 4*s = i, -3*s + 5*s = -6. Calculate the greatest common divisor of j and z.
5
Let p be 8/(-10)*(-66 + 1). Let a(u) = -2*u**3 - 3*u**2 + 2*u + 6. Let j be a(-4). Calculate the highest common factor of j and p.
26
Suppose 3*v - l = 3, 2*l = -4*v + 10 + 4. Let w be -2*(-1)/v*60. Calculate the highest common divisor of w and 40.
20
Suppose f - 6 = -f. Suppose 2 - 4 = -x. Let r = x - 0. Calculate the highest common factor of r and f.
1
Suppose -3*v - 2*v = -150. Calculate the greatest common divisor of 45 and v.
15
Suppose p - 2*q + 2 = 11, 5*q + 45 = 5*p. What is the highest common divisor of p and 99?
9
Suppose -f + 140 = f. What is the greatest common divisor of f and 10?
10
Let k be (-4)/14 + 16/7. Suppose -2*w = 2*w + 3*y - 2, y = 5*w - 12. Calculate the greatest common divisor of k and w.
2
Suppose k = 4*k. Let w be -2 - (k + 2 + -4). Let m = w + 5. Calculate the greatest common divisor of m and 5.
5
Let a(t) = 4*t**2 - 5*t - 5. Let v be a(5). What is the greatest common factor of 28 and v?
14
Suppose 4*l + 129 = 177. Suppose 0 = -5*x - 4*h + 620, -x = 2*x - 3*h - 345. What is the highest common factor of x and l?
12
Suppose -u - 6 = -2*u. Calculate the greatest common factor of u and 15.
3
Suppose 8 = 2*u - 2. Calculate the highest common divisor of 45 and u.
5
Let z = 112 + -78. Let w(a) = -a**3 + 2*a**2 + 4*a - 1. Let p be w(-3). Let h = p + -15. What is the greatest common factor of h and z?
17
Let s = 5 - 1. Suppose -s*a - 5*t = -19 - 8, -2*t + 12 = 2*a. What is the greatest common factor of 27 and a?
3
Let w be 8/6 + 6/9. Suppose 0 = w*s - 1 - 17. What is the greatest common factor of s and 99?
9
Let l(h) = 33 - 28 + 2*h**2 - 14*h + h**2. Let i be l(10). What is the highest common factor of i and 15?
15
Let f(p) = p - 2. Let g be f(-5). Let y = 13 - g. Suppose -y - 10 = -3*r. Calculate the greatest common divisor of r and 50.
10
Let o = -1 + 1. Suppose o = 3*g + i + 22, -5*g = -2*i + 16 + 6. Let x be -9*(-1 - g/9). What is the greatest common factor of x and 6?
3
Let w be 0 + -3 - -4*2. What is the highest common factor of w and 35?
5
Suppose -22 = -8*k + 74. Calculate the greatest common divisor of k and 24.
12
Let r(n) = -n**2 + 4*n - 1. Let j be r(4). Let m = -3 - j. Let u be (0 - 4/m) + 1. Calculate the greatest common factor of u and 15.
3
Let n(v) = -8*v - 1. Let h be n(-1). Let f be (h/2)/(4/8). Calculate the highest common factor of 21 and f.
7
Let u = 43 - 20. Calculate the greatest common divisor of 184 and u.
23
Let m be 17*(-3)/6*-6. Let s(t) = -t**2 - 10*t - 11. Let g be s(-8). Suppose 0 = g*i + 47 - 217. Calculate the greatest common factor of m and i.
17
Let j = 1 + 1. Suppose 3*y - 40 - j = 0. What is the greatest common divisor of y and 126?
14
Let h be -2 + 9/(18/44). What is the greatest common factor of 5 and h?
5
Suppose 4*b = 7 + 9. Suppose 5*a = -5 - 15. Let d = 8 - a. Calculate the highest common factor of d and b.
4
Suppose 2*g + g - 102 = 0. Let k(n) = n**2 - 10*n + 6. Let q be k(11). Calculate the highest common factor of g and q.
17
Let w(h) = 4*h**3 - 2*h**2 + 2*h. Let l be w(2). Calculate the highest common divisor of l and 70.
14
Suppose 5*t + 1 = -9. Let j be 26/2*(-1 - t). What is the highest common factor of 65 and j?
13
Let h be 0/(0 - (-1 - 0)). Let y = h - -2. Suppose -y*s + 3*j = -35, -4*j = -s - 3*s + 60. What is the highest common factor 